{"id":43113,"date":"2022-09-19T08:32:48","date_gmt":"2022-09-19T08:32:48","guid":{"rendered":"https:\/\/afanoc.org\/suport-al-professional\/"},"modified":"2024-07-23T15:13:55","modified_gmt":"2024-07-23T15:13:55","slug":"apoyo-al-profesional","status":"publish","type":"page","link":"https:\/\/afanoc.org\/es\/apoyo-al-profesional\/","title":{"rendered":"Apoyo al profesional"},"content":{"rendered":"\t\t<div data-elementor-type=\"wp-page\" data-elementor-id=\"43113\" class=\"elementor elementor-43113 elementor-42043\" data-elementor-post-type=\"page\">\n\t\t\t\t<div class=\"elementor-element elementor-element-1e148f5 e-flex e-con-boxed e-con e-parent\" data-id=\"1e148f5\" data-element_type=\"container\" data-e-type=\"container\" data-settings=\"{&quot;background_background&quot;:&quot;classic&quot;}\">\n\t\t\t\t\t<div class=\"e-con-inner\">\n\t\t\t\t\t<\/div>\n\t\t\t\t<\/div>\n\t\t\t\t<section class=\"elementor-section elementor-top-section elementor-element elementor-element-1377326b elementor-section-boxed elementor-section-height-default elementor-section-height-default\" data-id=\"1377326b\" data-element_type=\"section\" data-e-type=\"section\">\n\t\t\t\t\t\t<div class=\"elementor-container elementor-column-gap-default\">\n\t\t\t\t\t<div class=\"elementor-column elementor-col-100 elementor-top-column elementor-element elementor-element-1bf7209b\" data-id=\"1bf7209b\" data-element_type=\"column\" data-e-type=\"column\">\n\t\t\t<div class=\"elementor-widget-wrap elementor-element-populated\">\n\t\t\t\t\t\t<div class=\"elementor-element elementor-element-13c6fbe6 elementor-widget elementor-widget-woocommerce-breadcrumb\" data-id=\"13c6fbe6\" data-element_type=\"widget\" data-e-type=\"widget\" data-widget_type=\"woocommerce-breadcrumb.default\">\n\t\t\t\t<div class=\"elementor-widget-container\">\n\t\t\t\t\t<nav class=\"woocommerce-breadcrumb\" aria-label=\"Breadcrumb\">Inicio<\/nav>\t\t\t\t<\/div>\n\t\t\t\t<\/div>\n\t\t\t\t<div class=\"elementor-element elementor-element-b3e7266 elementor-widget elementor-widget-heading\" data-id=\"b3e7266\" data-element_type=\"widget\" data-e-type=\"widget\" data-widget_type=\"heading.default\">\n\t\t\t\t<div class=\"elementor-widget-container\">\n\t\t\t\t\t<h1 class=\"elementor-heading-title elementor-size-default\">Apoyo <span style=\"color: #e17a26\">al profesional <\/span><\/h1>\t\t\t\t<\/div>\n\t\t\t\t<\/div>\n\t\t\t\t\t<\/div>\n\t\t<\/div>\n\t\t\t\t\t<\/div>\n\t\t<\/section>\n\t\t\t\t<section class=\"elementor-section elementor-top-section elementor-element elementor-element-73e5db03 elementor-section-boxed elementor-section-height-default elementor-section-height-default\" data-id=\"73e5db03\" data-element_type=\"section\" data-e-type=\"section\">\n\t\t\t\t\t\t<div class=\"elementor-container elementor-column-gap-default\">\n\t\t\t\t\t<div class=\"elementor-column elementor-col-66 elementor-top-column elementor-element elementor-element-6d26e6ca\" data-id=\"6d26e6ca\" data-element_type=\"column\" data-e-type=\"column\">\n\t\t\t<div class=\"elementor-widget-wrap elementor-element-populated\">\n\t\t\t\t\t\t<div class=\"elementor-element elementor-element-1403c223 elementor-widget elementor-widget-text-editor\" data-id=\"1403c223\" data-element_type=\"widget\" data-e-type=\"widget\" data-widget_type=\"text-editor.default\">\n\t\t\t\t<div class=\"elementor-widget-container\">\n\t\t\t\t\t\t\t\t\t<h3>A trav\u00e9s de los diferentes programas, cuidamos a los profesionales en el \u00e1mbito sanitario y educativo<\/h3>\n<\/p>\n<p><strong>\u00abEscucharnos\u00bb: programa de apoyo al equipo de salud <\/strong><\/p>\n<p>Es un espacio de supervisi\u00f3n con los equipos m\u00e9dicos, de enfermer\u00eda y fisioterapia, donde se reflexiona y plantean las dificultades en la atenci\u00f3n integral a la unidad familiar durante el diagn\u00f3stico y tratamiento.<\/p>\n<p><strong>\u201cCuidado del duelo\u201d: programa de cuidado del equipo en el duelo profesional<\/strong><\/p>\n<p>Se realizan sesiones de cierre con el equipo sanitario que han cuidado la familia, en todos los casos del hospital.<\/p>\n<p><strong>\u201cApoya al maestro\u201d: programa de apoyo emocional a los maestros de Atenci\u00f3n Educativa Domiciliaria<\/strong><\/p>\n<p>Se da apoyo emocional a aquellos maestros que realizan su labor en la Casa de los Xuklis y lo requieren.<\/p>\n\t\t\t\t\t\t\t\t<\/div>\n\t\t\t\t<\/div>\n\t\t\t\t\t<\/div>\n\t\t<\/div>\n\t\t\t\t<div class=\"elementor-column elementor-col-33 elementor-top-column elementor-element elementor-element-2a63d27b\" data-id=\"2a63d27b\" data-element_type=\"column\" data-e-type=\"column\">\n\t\t\t<div class=\"elementor-widget-wrap elementor-element-populated\">\n\t\t\t\t\t\t<div class=\"elementor-element elementor-element-5004001 elementor-widget elementor-widget-image\" data-id=\"5004001\" data-element_type=\"widget\" data-e-type=\"widget\" data-widget_type=\"image.default\">\n\t\t\t\t<div class=\"elementor-widget-container\">\n\t\t\t\t\t\t\t\t\t\t\t\t\t\t\t<img decoding=\"async\" width=\"1024\" height=\"683\" src=\"https:\/\/afanoc.org\/wp-content\/uploads\/pexels-shvets-production-7176300-1024x683.jpg\" class=\"attachment-large size-large wp-image-50950\" alt=\"\" srcset=\"https:\/\/afanoc.org\/wp-content\/uploads\/pexels-shvets-production-7176300-1024x683.jpg 1024w, https:\/\/afanoc.org\/wp-content\/uploads\/pexels-shvets-production-7176300-300x200.jpg 300w, https:\/\/afanoc.org\/wp-content\/uploads\/pexels-shvets-production-7176300-150x100.jpg 150w, https:\/\/afanoc.org\/wp-content\/uploads\/pexels-shvets-production-7176300-768x512.jpg 768w, https:\/\/afanoc.org\/wp-content\/uploads\/pexels-shvets-production-7176300-1536x1024.jpg 1536w, https:\/\/afanoc.org\/wp-content\/uploads\/pexels-shvets-production-7176300-2048x1365.jpg 2048w, https:\/\/afanoc.org\/wp-content\/uploads\/pexels-shvets-production-7176300-600x400.jpg 600w\" sizes=\"(max-width: 1024px) 100vw, 1024px\" \/>\t\t\t\t\t\t\t\t\t\t\t\t\t\t\t<\/div>\n\t\t\t\t<\/div>\n\t\t\t\t\t<\/div>\n\t\t<\/div>\n\t\t\t\t\t<\/div>\n\t\t<\/section>\n\t\t\t\t<\/div>\n\t\t","protected":false},"excerpt":{"rendered":"<p>Apoyo al profesional A trav\u00e9s de los diferentes programas, cuidamos a los profesionales en el \u00e1mbito sanitario y educativo \u00abEscucharnos\u00bb: programa de apoyo al equipo de salud Es un espacio de supervisi\u00f3n con los equipos m\u00e9dicos, de enfermer\u00eda y fisioterapia, donde se reflexiona y plantean las dificultades en la atenci\u00f3n integral a la unidad familiar [&hellip;]<\/p>\n","protected":false},"author":692,"featured_media":42543,"parent":0,"menu_order":0,"comment_status":"closed","ping_status":"closed","template":"elementor_header_footer","meta":{"site-sidebar-layout":"default","site-content-layout":"","ast-site-content-layout":"default","site-content-style":"default","site-sidebar-style":"default","ast-global-header-display":"","ast-banner-title-visibility":"","ast-main-header-display":"","ast-hfb-above-header-display":"","ast-hfb-below-header-display":"","ast-hfb-mobile-header-display":"","site-post-title":"","ast-breadcrumbs-content":"","ast-featured-img":"","footer-sml-layout":"","theme-transparent-header-meta":"","adv-header-id-meta":"","stick-header-meta":"","header-above-stick-meta":"","header-main-stick-meta":"","header-below-stick-meta":"","astra-migrate-meta-layouts":"default","ast-page-background-enabled":"default","ast-page-background-meta":{"desktop":{"background-color":"var(--ast-global-color-4)","background-image":"","background-repeat":"repeat","background-position":"center center","background-size":"auto","background-attachment":"scroll","background-type":"","background-media":"","overlay-type":"","overlay-color":"","overlay-opacity":"","overlay-gradient":""},"tablet":{"background-color":"","background-image":"","background-repeat":"repeat","background-position":"center center","background-size":"auto","background-attachment":"scroll","background-type":"","background-media":"","overlay-type":"","overlay-color":"","overlay-opacity":"","overlay-gradient":""},"mobile":{"background-color":"","background-image":"","background-repeat":"repeat","background-position":"center center","background-size":"auto","background-attachment":"scroll","background-type":"","background-media":"","overlay-type":"","overlay-color":"","overlay-opacity":"","overlay-gradient":""}},"ast-content-background-meta":{"desktop":{"background-color":"var(--ast-global-color-5)","background-image":"","background-repeat":"repeat","background-position":"center center","background-size":"auto","background-attachment":"scroll","background-type":"","background-media":"","overlay-type":"","overlay-color":"","overlay-opacity":"","overlay-gradient":""},"tablet":{"background-color":"var(--ast-global-color-5)","background-image":"","background-repeat":"repeat","background-position":"center center","background-size":"auto","background-attachment":"scroll","background-type":"","background-media":"","overlay-type":"","overlay-color":"","overlay-opacity":"","overlay-gradient":""},"mobile":{"background-color":"var(--ast-global-color-5)","background-image":"","background-repeat":"repeat","background-position":"center center","background-size":"auto","background-attachment":"scroll","background-type":"","background-media":"","overlay-type":"","overlay-color":"","overlay-opacity":"","overlay-gradient":""}},"footnotes":""},"class_list":["post-43113","page","type-page","status-publish","has-post-thumbnail","hentry"],"publishpress_future_workflow_manual_trigger":{"enabledWorkflows":[]},"_links":{"self":[{"href":"https:\/\/afanoc.org\/es\/wp-json\/wp\/v2\/pages\/43113","targetHints":{"allow":["GET"]}}],"collection":[{"href":"https:\/\/afanoc.org\/es\/wp-json\/wp\/v2\/pages"}],"about":[{"href":"https:\/\/afanoc.org\/es\/wp-json\/wp\/v2\/types\/page"}],"author":[{"embeddable":true,"href":"https:\/\/afanoc.org\/es\/wp-json\/wp\/v2\/users\/692"}],"replies":[{"embeddable":true,"href":"https:\/\/afanoc.org\/es\/wp-json\/wp\/v2\/comments?post=43113"}],"version-history":[{"count":0,"href":"https:\/\/afanoc.org\/es\/wp-json\/wp\/v2\/pages\/43113\/revisions"}],"wp:featuredmedia":[{"embeddable":true,"href":"https:\/\/afanoc.org\/es\/wp-json\/wp\/v2\/media\/42543"}],"wp:attachment":[{"href":"https:\/\/afanoc.org\/es\/wp-json\/wp\/v2\/media?parent=43113"}],"curies":[{"name":"wp","href":"https:\/\/api.w.org\/{rel}","templated":true}]}}

<div data-elementor-type="wp-page" data-elementor-id="43113" class="elementor elementor-43113 elementor-42043" data-elementor-post-type="page">
				<div class="elementor-element elementor-element-1e148f5 e-flex e-con-boxed e-con e-parent" data-id="1e148f5" data-element_type="container" data-e-type="container" data-settings="{&quot;background_background&quot;:&quot;classic&quot;}">
					<div class="e-con-inner">
					</div>
				</div>
				<section class="elementor-section elementor-top-section elementor-element elementor-element-1377326b elementor-section-boxed elementor-section-height-default elementor-section-height-default" data-id="1377326b" data-element_type="section" data-e-type="section">
						<div class="elementor-container elementor-column-gap-default">
					<div class="elementor-column elementor-col-100 elementor-top-column elementor-element elementor-element-1bf7209b" data-id="1bf7209b" data-element_type="column" data-e-type="column">
			<div class="elementor-widget-wrap elementor-element-populated">
						<div class="elementor-element elementor-element-13c6fbe6 elementor-widget elementor-widget-woocommerce-breadcrumb" data-id="13c6fbe6" data-element_type="widget" data-e-type="widget" data-widget_type="woocommerce-breadcrumb.default">
				<div class="elementor-widget-container">
					<nav class="woocommerce-breadcrumb" aria-label="Breadcrumb">Inicio</nav>				</div>
				</div>
				<div class="elementor-element elementor-element-b3e7266 elementor-widget elementor-widget-heading" data-id="b3e7266" data-element_type="widget" data-e-type="widget" data-widget_type="heading.default">
				<div class="elementor-widget-container">
					<h1 class="elementor-heading-title elementor-size-default">Apoyo <span style="color: #e17a26">al profesional </span></h1>				</div>
				</div>
					</div>
		</div>
					</div>
		</section>
				<section class="elementor-section elementor-top-section elementor-element elementor-element-73e5db03 elementor-section-boxed elementor-section-height-default elementor-section-height-default" data-id="73e5db03" data-element_type="section" data-e-type="section">
						<div class="elementor-container elementor-column-gap-default">
					<div class="elementor-column elementor-col-66 elementor-top-column elementor-element elementor-element-6d26e6ca" data-id="6d26e6ca" data-element_type="column" data-e-type="column">
			<div class="elementor-widget-wrap elementor-element-populated">
						<div class="elementor-element elementor-element-1403c223 elementor-widget elementor-widget-text-editor" data-id="1403c223" data-element_type="widget" data-e-type="widget" data-widget_type="text-editor.default">
				<div class="elementor-widget-container">
									<h3>A través de los diferentes programas, cuidamos a los profesionales en el ámbito sanitario y educativo</h3>
</p>
<p><strong>«Escucharnos»: programa de apoyo al equipo de salud </strong></p>
<p>Es un espacio de supervisión con los equipos médicos, de enfermería y fisioterapia, donde se reflexiona y plantean las dificultades en la atención integral a la unidad familiar durante el diagnóstico y tratamiento.</p>
<p><strong>“Cuidado del duelo”: programa de cuidado del equipo en el duelo profesional</strong></p>
<p>Se realizan sesiones de cierre con el equipo sanitario que han cuidado la familia, en todos los casos del hospital.</p>
<p><strong>“Apoya al maestro”: programa de apoyo emocional a los maestros de Atención Educativa Domiciliaria</strong></p>
<p>Se da apoyo emocional a aquellos maestros que realizan su labor en la Casa de los Xuklis y lo requieren.</p>
								</div>
				</div>
					</div>
		</div>
				<div class="elementor-column elementor-col-33 elementor-top-column elementor-element elementor-element-2a63d27b" data-id="2a63d27b" data-element_type="column" data-e-type="column">
			<div class="elementor-widget-wrap elementor-element-populated">
						<div class="elementor-element elementor-element-5004001 elementor-widget elementor-widget-image" data-id="5004001" data-element_type="widget" data-e-type="widget" data-widget_type="image.default">
				<div class="elementor-widget-container">
															<img decoding="async" width="1024" height="683" src="https://afanoc.org/wp-content/uploads/pexels-shvets-production-7176300-1024x683.jpg" class="attachment-large size-large wp-image-50950" alt="" srcset="https://afanoc.org/wp-content/uploads/pexels-shvets-production-7176300-1024x683.jpg 1024w, https://afanoc.org/wp-content/uploads/pexels-shvets-production-7176300-300x200.jpg 300w, https://afanoc.org/wp-content/uploads/pexels-shvets-production-7176300-150x100.jpg 150w, https://afanoc.org/wp-content/uploads/pexels-shvets-production-7176300-768x512.jpg 768w, https://afanoc.org/wp-content/uploads/pexels-shvets-production-7176300-1536x1024.jpg 1536w, https://afanoc.org/wp-content/uploads/pexels-shvets-production-7176300-2048x1365.jpg 2048w, https://afanoc.org/wp-content/uploads/pexels-shvets-production-7176300-600x400.jpg 600w" sizes="(max-width: 1024px) 100vw, 1024px" />															</div>
				</div>
					</div>
		</div>
					</div>
		</section>
				</div>

<p>Apoyo al profesional A través de los diferentes programas, cuidamos a los profesionales en el ámbito sanitario y educativo «Escucharnos»: programa de apoyo al equipo de salud Es un espacio de supervisión con los equipos médicos, de enfermería y fisioterapia, donde se reflexiona y plantean las dificultades en la atención integral a la unidad familiar [&hellip;]</p>
