{"id":43112,"date":"2022-09-29T15:03:38","date_gmt":"2022-09-29T13:03:38","guid":{"rendered":"https:\/\/afanoc.org\/informacio-sensibilitzacio-2\/"},"modified":"2025-01-29T15:25:21","modified_gmt":"2025-01-29T13:25:21","slug":"informacion-sensibilizacion","status":"publish","type":"page","link":"https:\/\/afanoc.org\/es\/informacion-sensibilizacion\/","title":{"rendered":"Informaci\u00f3n y sensibilizaci\u00f3n"},"content":{"rendered":"\t\t<div data-elementor-type=\"wp-page\" data-elementor-id=\"43112\" class=\"elementor elementor-43112 elementor-42291\" data-elementor-post-type=\"page\">\n\t\t\t\t<div class=\"elementor-element elementor-element-8eefa2d e-flex e-con-boxed e-con e-parent\" data-id=\"8eefa2d\" data-element_type=\"container\" data-e-type=\"container\" data-settings=\"{&quot;background_background&quot;:&quot;classic&quot;}\">\n\t\t\t\t\t<div class=\"e-con-inner\">\n\t\t\t\t\t<\/div>\n\t\t\t\t<\/div>\n\t\t\t\t<section class=\"elementor-section elementor-top-section elementor-element elementor-element-495890b0 elementor-section-boxed elementor-section-height-default elementor-section-height-default\" data-id=\"495890b0\" data-element_type=\"section\" data-e-type=\"section\">\n\t\t\t\t\t\t<div class=\"elementor-container elementor-column-gap-default\">\n\t\t\t\t\t<div class=\"elementor-column elementor-col-100 elementor-top-column elementor-element elementor-element-76a9d44d\" data-id=\"76a9d44d\" data-element_type=\"column\" data-e-type=\"column\">\n\t\t\t<div class=\"elementor-widget-wrap elementor-element-populated\">\n\t\t\t\t\t\t<div class=\"elementor-element elementor-element-5a43bcb4 elementor-widget elementor-widget-woocommerce-breadcrumb\" data-id=\"5a43bcb4\" data-element_type=\"widget\" data-e-type=\"widget\" data-widget_type=\"woocommerce-breadcrumb.default\">\n\t\t\t\t<div class=\"elementor-widget-container\">\n\t\t\t\t\t<nav class=\"woocommerce-breadcrumb\" aria-label=\"Breadcrumb\">Inicio<\/nav>\t\t\t\t<\/div>\n\t\t\t\t<\/div>\n\t\t\t\t<div class=\"elementor-element elementor-element-784ae61 elementor-widget elementor-widget-heading\" data-id=\"784ae61\" data-element_type=\"widget\" data-e-type=\"widget\" data-widget_type=\"heading.default\">\n\t\t\t\t<div class=\"elementor-widget-container\">\n\t\t\t\t\t<h1 class=\"elementor-heading-title elementor-size-default\">Informaci\u00f3n y <span style=\"color: #e17a26\">Sensibilizaci\u00f3n<\/span><\/h2><\/h1>\t\t\t\t<\/div>\n\t\t\t\t<\/div>\n\t\t\t\t\t<\/div>\n\t\t<\/div>\n\t\t\t\t\t<\/div>\n\t\t<\/section>\n\t\t\t\t<section class=\"elementor-section elementor-top-section elementor-element elementor-element-75fa9439 elementor-section-boxed elementor-section-height-default elementor-section-height-default\" data-id=\"75fa9439\" data-element_type=\"section\" data-e-type=\"section\">\n\t\t\t\t\t\t<div class=\"elementor-container elementor-column-gap-default\">\n\t\t\t\t\t<div class=\"elementor-column elementor-col-66 elementor-top-column elementor-element elementor-element-19d3d553\" data-id=\"19d3d553\" data-element_type=\"column\" data-e-type=\"column\">\n\t\t\t<div class=\"elementor-widget-wrap elementor-element-populated\">\n\t\t\t\t\t\t<div class=\"elementor-element elementor-element-3c8e223 elementor-widget elementor-widget-text-editor\" data-id=\"3c8e223\" data-element_type=\"widget\" data-e-type=\"widget\" data-widget_type=\"text-editor.default\">\n\t\t\t\t<div class=\"elementor-widget-container\">\n\t\t\t\t\t\t\t\t\t<h3>C\u00f3mo abordar el c\u00e1ncer infantil. La importancia de dar a conocer su realidad.<\/h3>\n<p>Nuestra experiencia nos ha hecho ver que es necesario dar a conocer todo lo que supone este proceso para tratarlo con serenidad y realismo. Por eso ofrecemos sesiones de formaci\u00f3n e informaci\u00f3n a la ciudadan\u00eda ya diferentes colectivos del mundo educativo.<\/p>\n<p>Algunas de las acciones que llevamos a cabo son:<\/p>\n<p><strong>Charlas de sensibilizaci\u00f3n<\/strong> en los centros educativos adapt\u00e1ndolas a las edades de las estudiantes y dando a conocer la realidad del c\u00e1ncer infantil as\u00ed como fomentando la participaci\u00f3n social a trav\u00e9s del voluntariado.<\/p>\n<p><strong>Proyecto \u00ab\u00a1Ponte la Gorra!\u00bb<\/strong> en las escuelas, en la que a trav\u00e9s de esta campa\u00f1a ofrecemos materiales para trabajar la realidad del c\u00e1ncer infantil en el aula y se anima a las escuelas a implicarse con nuestra entidad.<\/p>\n<p><strong>Participaci\u00f3n en trabajos de investigaci\u00f3n<\/strong> as\u00ed como trabajos de fin de Grado o fin de M\u00e1ster.<br \/>Posibilidad de tutorizar alumnos de pr\u00e1cticas bajo convenio con la Universidad correspondiente.<\/p>\n<p><strong>Participaci\u00f3n en sesiones de M\u00e1ster y Postgrado<\/strong> explicando la labor que desarrollamos desde la entidad, su filosof\u00eda y los proyectos m\u00e1s destacables.<\/p>\n\t\t\t\t\t\t\t\t<\/div>\n\t\t\t\t<\/div>\n\t\t\t\t\t<\/div>\n\t\t<\/div>\n\t\t\t\t<div class=\"elementor-column elementor-col-33 elementor-top-column elementor-element elementor-element-af6d165\" data-id=\"af6d165\" data-element_type=\"column\" data-e-type=\"column\">\n\t\t\t<div class=\"elementor-widget-wrap elementor-element-populated\">\n\t\t\t\t\t\t<div class=\"elementor-element elementor-element-4099cba7 elementor-widget elementor-widget-image\" data-id=\"4099cba7\" data-element_type=\"widget\" data-e-type=\"widget\" data-widget_type=\"image.default\">\n\t\t\t\t<div class=\"elementor-widget-container\">\n\t\t\t\t\t\t\t\t\t\t\t\t\t\t\t<img decoding=\"async\" width=\"680\" height=\"904\" src=\"https:\/\/afanoc.org\/wp-content\/uploads\/WhatsApp-Image-2024-12-19-at-14.13.jpg\" class=\"attachment-large size-large wp-image-68882\" alt=\"Informaci\u00f3 i sensibilitzacio\" srcset=\"https:\/\/afanoc.org\/wp-content\/uploads\/WhatsApp-Image-2024-12-19-at-14.13.jpg 680w, https:\/\/afanoc.org\/wp-content\/uploads\/WhatsApp-Image-2024-12-19-at-14.13-241x320.jpg 241w, https:\/\/afanoc.org\/wp-content\/uploads\/WhatsApp-Image-2024-12-19-at-14.13-113x150.jpg 113w, https:\/\/afanoc.org\/wp-content\/uploads\/WhatsApp-Image-2024-12-19-at-14.13-600x798.jpg 600w\" sizes=\"(max-width: 680px) 100vw, 680px\" \/>\t\t\t\t\t\t\t\t\t\t\t\t\t\t\t<\/div>\n\t\t\t\t<\/div>\n\t\t\t\t\t<\/div>\n\t\t<\/div>\n\t\t\t\t\t<\/div>\n\t\t<\/section>\n\t\t\t\t<\/div>\n\t\t","protected":false},"excerpt":{"rendered":"<p>Informaci\u00f3n y Sensibilizaci\u00f3n C\u00f3mo abordar el c\u00e1ncer infantil. La importancia de dar a conocer su realidad. Nuestra experiencia nos ha hecho ver que es necesario dar a conocer todo lo que supone este proceso para tratarlo con serenidad y realismo. Por eso ofrecemos sesiones de formaci\u00f3n e informaci\u00f3n a la ciudadan\u00eda ya diferentes colectivos del [&hellip;]<\/p>\n","protected":false},"author":692,"featured_media":42537,"parent":0,"menu_order":0,"comment_status":"closed","ping_status":"closed","template":"elementor_header_footer","meta":{"site-sidebar-layout":"default","site-content-layout":"","ast-site-content-layout":"default","site-content-style":"default","site-sidebar-style":"default","ast-global-header-display":"","ast-banner-title-visibility":"","ast-main-header-display":"","ast-hfb-above-header-display":"","ast-hfb-below-header-display":"","ast-hfb-mobile-header-display":"","site-post-title":"","ast-breadcrumbs-content":"","ast-featured-img":"","footer-sml-layout":"","theme-transparent-header-meta":"","adv-header-id-meta":"","stick-header-meta":"","header-above-stick-meta":"","header-main-stick-meta":"","header-below-stick-meta":"","astra-migrate-meta-layouts":"default","ast-page-background-enabled":"default","ast-page-background-meta":{"desktop":{"background-color":"var(--ast-global-color-4)","background-image":"","background-repeat":"repeat","background-position":"center center","background-size":"auto","background-attachment":"scroll","background-type":"","background-media":"","overlay-type":"","overlay-color":"","overlay-opacity":"","overlay-gradient":""},"tablet":{"background-color":"","background-image":"","background-repeat":"repeat","background-position":"center center","background-size":"auto","background-attachment":"scroll","background-type":"","background-media":"","overlay-type":"","overlay-color":"","overlay-opacity":"","overlay-gradient":""},"mobile":{"background-color":"","background-image":"","background-repeat":"repeat","background-position":"center center","background-size":"auto","background-attachment":"scroll","background-type":"","background-media":"","overlay-type":"","overlay-color":"","overlay-opacity":"","overlay-gradient":""}},"ast-content-background-meta":{"desktop":{"background-color":"var(--ast-global-color-5)","background-image":"","background-repeat":"repeat","background-position":"center center","background-size":"auto","background-attachment":"scroll","background-type":"","background-media":"","overlay-type":"","overlay-color":"","overlay-opacity":"","overlay-gradient":""},"tablet":{"background-color":"var(--ast-global-color-5)","background-image":"","background-repeat":"repeat","background-position":"center center","background-size":"auto","background-attachment":"scroll","background-type":"","background-media":"","overlay-type":"","overlay-color":"","overlay-opacity":"","overlay-gradient":""},"mobile":{"background-color":"var(--ast-global-color-5)","background-image":"","background-repeat":"repeat","background-position":"center center","background-size":"auto","background-attachment":"scroll","background-type":"","background-media":"","overlay-type":"","overlay-color":"","overlay-opacity":"","overlay-gradient":""}},"footnotes":""},"class_list":["post-43112","page","type-page","status-publish","has-post-thumbnail","hentry"],"publishpress_future_workflow_manual_trigger":{"enabledWorkflows":[]},"_links":{"self":[{"href":"https:\/\/afanoc.org\/es\/wp-json\/wp\/v2\/pages\/43112","targetHints":{"allow":["GET"]}}],"collection":[{"href":"https:\/\/afanoc.org\/es\/wp-json\/wp\/v2\/pages"}],"about":[{"href":"https:\/\/afanoc.org\/es\/wp-json\/wp\/v2\/types\/page"}],"author":[{"embeddable":true,"href":"https:\/\/afanoc.org\/es\/wp-json\/wp\/v2\/users\/692"}],"replies":[{"embeddable":true,"href":"https:\/\/afanoc.org\/es\/wp-json\/wp\/v2\/comments?post=43112"}],"version-history":[{"count":0,"href":"https:\/\/afanoc.org\/es\/wp-json\/wp\/v2\/pages\/43112\/revisions"}],"wp:featuredmedia":[{"embeddable":true,"href":"https:\/\/afanoc.org\/es\/wp-json\/wp\/v2\/media\/42537"}],"wp:attachment":[{"href":"https:\/\/afanoc.org\/es\/wp-json\/wp\/v2\/media?parent=43112"}],"curies":[{"name":"wp","href":"https:\/\/api.w.org\/{rel}","templated":true}]}}

Información y sensibilización

<div data-elementor-type="wp-page" data-elementor-id="43112" class="elementor elementor-43112 elementor-42291" data-elementor-post-type="page">
				<div class="elementor-element elementor-element-8eefa2d e-flex e-con-boxed e-con e-parent" data-id="8eefa2d" data-element_type="container" data-e-type="container" data-settings="{&quot;background_background&quot;:&quot;classic&quot;}">
					<div class="e-con-inner">
					</div>
				</div>
				<section class="elementor-section elementor-top-section elementor-element elementor-element-495890b0 elementor-section-boxed elementor-section-height-default elementor-section-height-default" data-id="495890b0" data-element_type="section" data-e-type="section">
						<div class="elementor-container elementor-column-gap-default">
					<div class="elementor-column elementor-col-100 elementor-top-column elementor-element elementor-element-76a9d44d" data-id="76a9d44d" data-element_type="column" data-e-type="column">
			<div class="elementor-widget-wrap elementor-element-populated">
						<div class="elementor-element elementor-element-5a43bcb4 elementor-widget elementor-widget-woocommerce-breadcrumb" data-id="5a43bcb4" data-element_type="widget" data-e-type="widget" data-widget_type="woocommerce-breadcrumb.default">
				<div class="elementor-widget-container">
					<nav class="woocommerce-breadcrumb" aria-label="Breadcrumb">Inicio</nav>				</div>
				</div>
				<div class="elementor-element elementor-element-784ae61 elementor-widget elementor-widget-heading" data-id="784ae61" data-element_type="widget" data-e-type="widget" data-widget_type="heading.default">
				<div class="elementor-widget-container">
					<h1 class="elementor-heading-title elementor-size-default">Información y <span style="color: #e17a26">Sensibilización</span></h2></h1>				</div>
				</div>
					</div>
		</div>
					</div>
		</section>
				<section class="elementor-section elementor-top-section elementor-element elementor-element-75fa9439 elementor-section-boxed elementor-section-height-default elementor-section-height-default" data-id="75fa9439" data-element_type="section" data-e-type="section">
						<div class="elementor-container elementor-column-gap-default">
					<div class="elementor-column elementor-col-66 elementor-top-column elementor-element elementor-element-19d3d553" data-id="19d3d553" data-element_type="column" data-e-type="column">
			<div class="elementor-widget-wrap elementor-element-populated">
						<div class="elementor-element elementor-element-3c8e223 elementor-widget elementor-widget-text-editor" data-id="3c8e223" data-element_type="widget" data-e-type="widget" data-widget_type="text-editor.default">
				<div class="elementor-widget-container">
									<h3>Cómo abordar el cáncer infantil. La importancia de dar a conocer su realidad.</h3>
<p>Nuestra experiencia nos ha hecho ver que es necesario dar a conocer todo lo que supone este proceso para tratarlo con serenidad y realismo. Por eso ofrecemos sesiones de formación e información a la ciudadanía ya diferentes colectivos del mundo educativo.</p>
<p>Algunas de las acciones que llevamos a cabo son:</p>
<p><strong>Charlas de sensibilización</strong> en los centros educativos adaptándolas a las edades de las estudiantes y dando a conocer la realidad del cáncer infantil así como fomentando la participación social a través del voluntariado.</p>
<p><strong>Proyecto «¡Ponte la Gorra!»</strong> en las escuelas, en la que a través de esta campaña ofrecemos materiales para trabajar la realidad del cáncer infantil en el aula y se anima a las escuelas a implicarse con nuestra entidad.</p>
<p><strong>Participación en trabajos de investigación</strong> así como trabajos de fin de Grado o fin de Máster.<br />Posibilidad de tutorizar alumnos de prácticas bajo convenio con la Universidad correspondiente.</p>
<p><strong>Participación en sesiones de Máster y Postgrado</strong> explicando la labor que desarrollamos desde la entidad, su filosofía y los proyectos más destacables.</p>
								</div>
				</div>
					</div>
		</div>
				<div class="elementor-column elementor-col-33 elementor-top-column elementor-element elementor-element-af6d165" data-id="af6d165" data-element_type="column" data-e-type="column">
			<div class="elementor-widget-wrap elementor-element-populated">
						<div class="elementor-element elementor-element-4099cba7 elementor-widget elementor-widget-image" data-id="4099cba7" data-element_type="widget" data-e-type="widget" data-widget_type="image.default">
				<div class="elementor-widget-container">
															<img decoding="async" width="680" height="904" src="https://afanoc.org/wp-content/uploads/WhatsApp-Image-2024-12-19-at-14.13.jpg" class="attachment-large size-large wp-image-68882" alt="Informació i sensibilitzacio" srcset="https://afanoc.org/wp-content/uploads/WhatsApp-Image-2024-12-19-at-14.13.jpg 680w, https://afanoc.org/wp-content/uploads/WhatsApp-Image-2024-12-19-at-14.13-241x320.jpg 241w, https://afanoc.org/wp-content/uploads/WhatsApp-Image-2024-12-19-at-14.13-113x150.jpg 113w, https://afanoc.org/wp-content/uploads/WhatsApp-Image-2024-12-19-at-14.13-600x798.jpg 600w" sizes="(max-width: 680px) 100vw, 680px" />															</div>
				</div>
					</div>
		</div>
					</div>
		</section>
				</div>

<p>Información y Sensibilización Cómo abordar el cáncer infantil. La importancia de dar a conocer su realidad. Nuestra experiencia nos ha hecho ver que es necesario dar a conocer todo lo que supone este proceso para tratarlo con serenidad y realismo. Por eso ofrecemos sesiones de formación e información a la ciudadanía ya diferentes colectivos del [&hellip;]</p>
